 - (15 + 0) - -10?
43
Calculate 46 + 9 + -37 + -10.
8
Evaluate 2 - -45 - (17 - (-29 - (8 - 43))).
36
Calculate 8 + 28 - (32 - (40 - 38)).
6
(-13 + -6 - (-9 - 0) - (34 - 32)) + -31
-43
What is -703 + 674 - (-16 - -3)?
-16
What is the value of (1 - -17) + (13 + 1 - 13) + 21?
40
What is the value of 18 - (-36 - -77 - 61)?
38
What is the value of -38 - ((30 - -31) + -28 - -8)?
-79
-52 - -7 - (29 + -33) - -123
82
What is 25 - -6 - 19 - -1 - (14 - (0 + 1))?
0
Evaluate 22 + (1 + 42 - 0) + (7746 - 7749).
62
What is 2 + -32 + (189 - 122)?
37
What is the value of -641 + 623 - (1 + (4 - (0 + -1)))?
-24
Calculate -67 - (30 + 10 + -77 - -14).
-44
-35 - (-12 + 1 - ((-15 - 4) + 1) - 10)
-32
Evaluate 82 - 125 - (-25 + 11).
-29
61 - (1 + (-2 + (8 - -3) - (2 - -7)))
60
Evaluate -3846 - -3777 - (3 + -20 - (-1 + 0)).
-53
What is the value of (27 - -59) + -53 + -74?
-41
What is -23 + 30 + -6 + 29 + -27 + 49 + 2?
54
What is (4 - -2) + -11 + 4 + 4 + (-22 - 1)?
-20
Calculate (-36 - -6 - (-9 + 8)) + -17 + 2.
-44
What is the value of 33 + ((-2 - -61) + -26 - 16)?
50
Evaluate 4 + (0 - 2) + 30 + 19 + -33.
18
Evaluate (8 - -47) + (4 + 9 + -25 - -11).
54
What is 34 + (-5 - 17) + (-38 - 7)?
-33
-34 - (-3 - ((9 - 21 - -11) + -11))
-43
-21 + -3 + (-2 + 10 + 0 - (12 + 11))
-39
What is the value of -20 + (23 + -17 - -39 - -14)?
39
What is 17 + (-18 - 12) + (-6 - -25) + (-1 - -3)?
8
What is the value of -12 + 1 - ((-1 - 29) + -73 + 38 + 42)?
12
-67 + 36 + (-13 - -66)
22
Calculate -126 - (17 + -273 + 59).
71
4 - (16 - 7 - 66) - (-1 - (-3 - 7))
52
What is (29 - -216) + -139 + -30?
76
2384 + -2345 + -25 + -2
12
What is (-14 - (-13 + (-11 + 23 - 14))) + (1 - 46)?
-44
What is the value of -8 - 0 - (-21 - (-4 - (-1 + 1)))?
9
Calculate -6 + 88 + (117 - (-25 - -161)).
63
Evaluate 14 - (6 + 1 + 35 + -144 + 90).
26
Calculate 10 + (-482 + 496 - (-3 + (3 - -8))).
16
256 + -202 - (29 + 5 + 0)
20
-34 - (-7 - (39 - -5))
17
What is -67 - (-18 + (16 - (-38 + (23 - -1))))?
-79
What is the value of 32 + 2 - (5 - -10)?
19
Evaluate 0 + 9 + 3 + -12.
0
(-70 - -10 - -74) + (9 - 1)
22
-234 + 130 + 90 + 24
10
What is the value of -169 + (-43 - -106 - 4) + (15 - (1 + -1))?
-95
2 + -12 + 14 + -18 + 1 + -12
-25
Calculate (49 - 97) + 44 - -28.
24
What is the value of 78 + 76 + -34 + -74?
46
What is -46 + (-6 - -3) + (-1 - -13 - -2 - 27)?
-62
What is -7 + (-13 - -7) - -27?
14
What is the value of (-8 - (10 + -2)) + 42?
26
(11 - -11 - 26 - (8 + -9)) + -12
-15
15 + (-2 - 46) + -21 + 38
-16
(7 + -155 - (5 - (-10 + 16))) + (-13 - -28)
-132
Evaluate 25 + (-63 + 23 - -84).
69
1832 + -1851 - (-1 + -14)
-4
Calculate (15 - (17 + 1)) + 17 + -2 + 4 + -3.
13
What is the value of (-20 - ((16 - -21) + -18)) + 8?
-31
What is the value of (-19 - -7) + 16 + -29 - -39?
14
What is the value of (-13 + 1 - (-25 + -14 + 45)) + -8?
-26
Evaluate -18 - (-32 + -3 + 20) - -1.
-2
What is the value of -18 - (14 + (-35 - ((-22 - -4) + 3)))?
-12
Evaluate (112 - 308 - -158) + (1 + -3 - 1).
-41
-54 - (20 + (-47 - -32))
-59
What is 1 - (-34 + -28 + 46)?
17
What is the value of -97 - ((-32 - (-3 + 5 + (6 - 17))) + 10)?
-84
What is the value of -9 + (7 + 28 - (-10 - 8 - 2))?
46
39 - (29 - 39) - 32
17
Calculate -1 - -32 - 39 - (5 + (-70 - -6)).
51
What is the value of 187 - ((-88 - -230) + 10)?
35
Evaluate -43 + 33 + -12 + -10 + -4.
-36
Evaluate 60 + (15 - 118 - -26).
-17
Evaluate 6 + 49 + (155 - 199).
11
Evaluate (-5 - -11) + -19 - 17 - -1.
-29
What is the value of (1 + -10 - (-60 + (-5 + 15 - -9))) + -6?
26
0 + -13 + 16 + 1 - (-1 - -37)
-32
What is the value of (86852 - 86957) + (-26 - (-1 - -1 - 1))?
-130
What is the value of 3 + -4 + 14 + (2 - (3 - -5))?
7
What is the value of 9 - ((5 - 3 - -9) + 35)?
-37
What is the value of (-21 - (-5 - 2) - -6) + (-5 - 7)?
-20
What is -41 + -26 + 46 + (3 - (-2 + 14 + 0))?
-30
What is the value of (43 - 65) + 2 + 1 + -4 + 6 + -3?
-20
(3 - -45) + -37 - (0 + (-4 - -8) - 43)
50
Calculate (3 - (1 - 8)) + (-90 + 159 - 85).
-6
-31 + (-9 - (-16 + 3 + -6)) + -14
-35
What is the value of 314 - 301 - (25 + -8)?
-4
Evaluate (7322 - 7333) + (2 - 3 - (-1 - -1)).
-12
(32 - (-7 - (-46 - -19))) + 4 + -52
-36
(-211 - -2 - -224) + 2 + -2 + (-2 - 85)
-72
What is the value of -12 + 7 - (54 + (-10 - 49))?
0
-234 - -112 - (-8 - (9 - -10))
-95
9 - ((0 + 0 + -34 - (-199 - -206)) + -2)
52
Evaluate (1 - 0) + 0 + 4 - (-697 + -19 + 805).
-84
Evaluate (-932 - -981) + -21 + 2.
30
106 - (1 - (-16 + -4) - -1)
84
-2 + (-7 + -2 - (167 - 174))
-4
What is (1 - 17) + 44 + (-30 - 60)?
-62
Evaluate (1 - 16 - (-55 - -40)) + (0 - (82 + -7)).
-75
Evaluate -60 - (-11 + (-21 - -32 - (5 - 1))) - -1.
-55
Calculate -21 + -23 + (217 - 10) + -29 - (14 - 2).
122
Calculate 2 + (-8 - -67) + 1 + -8 + 16 + 2.
72
1 - 8 - (2019 - 1994 - (44 + 5 + -3))
14
Evaluate -24 + 57 - (3 - -9) - -9.
30
Calculate (-56 - (8 - 15)) + (8 - 13 - -17).
-37
What is the value of -18 - (-10 + (363 - 353) + (-1 - 0 - -1))?
-18
Evaluate -16 + 1 + 46 + -47.
-16
-23 + (13 - (10 - 51)) - -24
55
What is 4 + -52 + (-22 + 36 - -5)?
-29
(2 - -1) + (-104 - -101) - (0 + 7) - -11
4
What is the value of -58 - (-4 - -24 - 70)?
-8
Evaluate 261 - 681 - -358 - ((0 - 16) + 0).
-46
What is the value of (-19 - -12 - (25 - 48)) + 79?
95
What is the value of 7 - (-5 + (24 - (20 - 9)))?
-1
Calculate -13 - (-20 + 25 + (-4 - -4) - -4).
-22
What is the value of 33 + (-17 - -52) - 133?
-65
Evaluate -21 - (-8 + -31 - 15).
33
Calculate -62 + 39 + -12 + 14.
-21
-14 - (2 - -5 - -17 - 26 - (0 - 12))
-24
16 + -23 - -23 - (18 + -1)
-1
Evaluate 68 + -5 + (1188 - 1174).
77
What is 1 + -1 + -1 + 33 - (74 + 377 + -444)?
25
What is (163 - 172) + 1 + 4 + 5 + -24?
-23
What is -2 + -2 + -48 + (28 - -28) + -53?
-49
What is -22 - (-8 + -7 + 22 + (9 - 12))?
-26
-11 + 49 + 157 + -64 + -61
70
Evaluate -72 - (-84 - -13) - (-2 - 23).
24
-1 - -66 - ((-5 - 5) + (59 - 40))
56
Calculate (5 - (1 - 2)) + (-8 - (2 - 11)).
7
-9 - ((-5 - -5) + 0) - -20 - 0 - -17
28
What is (-16 - 1) + 14 + 19 + -34 + 1?
-17
Evaluate -6 + -6 + -16 + -18 + 15 + 28.
-3
What is -23 - -17 - (-88 + 4 + (-14 - -6))?
86
Evaluate (-57 - -329) + -270 + 1 + 0 + -2 + 35.
36
Calculate (3 - -27) + (-5 - (9 + -14) - (-29 - -32)).
27
-3982 + 3960 - (2 - (59 - 1))
34
What is 30 + (1 - 28) + -2 + 6 + -5?
2
6 + 5 + (2 - -2 - 7) + -46
-38
Evaluate 2 + 20 + 50 + -80 + (36 - -4).
32
Calculate -83 - -30 - -53 - (2 + -9).
7
89 - (-166 + 80 + 168)
7
What is the value of (-3 - -3) + (-1 - (0 - (-6 + -5))) + 87?
75
What is the value of 11 + (0 + -1 + -129 + 142 - 12)?
11
What is 10 + (2 + (-4 - -26) - (0 - -2)) - 10?
22
What is the value of (-16 - -4) + -30 + 41 + 59?
58
11 - (-50 + (148 - 230))
143
(1904 + -1929 - (1 + -2 + -35)) + 48 + 1
60
Calculate (72 - (-46 + 118)) + -35.
-35
Calculate 98 + -106 - ((-1 - -3) + 26 - -2).
-38
-1 + -14 + (-10 + (-7 - -26) - 4) - 7
-17
Calculate 239960 - 239944 - (1 + 1 + 145 + 1 + 0).
-132
What is 9 + (-192 + 177 - (7 + -1))?
-12
What is the value of -8 + (33 - 17) - (13 + -27)?
22
What is the value of -10 - -16 - (11 + 0 + 1) - (-610 + 506)?
98
(0 - 15) + (0 - -3) + 96 + -91 + -13
-20
137 - 101 - (-2 + 23 - 16)
31
Evaluate -1 + 3 - (68 + (2 + 8 - 18)).
-58
9 + (-4 - ((-21 - -23) + (-82 - 3 - -2)))
86
-62 + (-13 - (5 - (-1 + 10 + 49 + -53)))
-75
Calculate -46 + -38 + (31 - -57).
4
-11 + -2 + (7 - 6) + 1 - (-5 + -3)
-3
Calculate -3 - (5 + -9 + 50) - (-11 + (11 - -3)).
-52
What is the value of 1 + 11 + 58 + -16 + -53 + 8?
9
What is (-115 + 62 - 31 - (-3 + 0)) + 15?
-66
What is -3164 + 3139 + 71 + (1 - 4)?
43
Evaluate (28 - 19) + -24 - -1.
-14
Calculate (-17996 - -18014) + (0 + -1 - -140).
157
What is -1 + 32 - (91 - (256 - 106))?
90
Calculate -12 + (-8 + 0 + 130 + -145 - 14).
-49
What is 139 + (-4 - -11) + -3 + (-76 - -82)?
149
Evaluate 19 + (-82 + 85 - 30) + (1 - -14).
7
(3 - -36) + 0 - 36 - -97
100
-38 + (-31 + 51 - -35)
17
Evaluate 79 - (4 + -13 + 2 - -17 - 5 - 1).
75
What is the value of 2 + (10 - -4 - 17 - (-8 - -31))?
-24
What is the value of 287 + -285 + 0 + 52 + 13?
67
What is the value of (-151 + 138 - (-11 + -4)) + -32?
-30
Calculate -6 + 7 + 30 - (-37 - -31).
37
Evaluate (0 - (-8 + (-7 - -2) + -1)) + -4 + 12.
22
-8 + (-37 - 2) + 53 + -46
-40
-3 + 75 + -10 + -10 - (47 + -38)
43
Evaluate 13 - (0 - 0) - (7 - (13 + -82 - 12)).
-75
Eva